 of 36 and 18?
18
Calculate the highest common divisor of 114 and 38.
38
Calculate the highest common divisor of 108 and 657.
9
Calculate the greatest common factor of 14 and 3794.
14
Calculate the highest common factor of 45 and 720.
45
What is the greatest common divisor of 29110 and 164?
82
Calculate the greatest common divisor of 271 and 3523.
271
Calculate the highest common factor of 2464 and 77.
77
Calculate the greatest common factor of 1605 and 214.
107
Calculate the greatest common divisor of 6 and 339.
3
Calculate the highest common divisor of 26265 and 510.
255
Calculate the highest common divisor of 40 and 16.
8
Calculate the highest common factor of 369 and 3567.
123
What is the highest common divisor of 136 and 187?
17
Calculate the highest common factor of 822 and 48.
6
What is the highest common divisor of 85 and 170?
85
What is the highest common divisor of 13277 and 22?
11
What is the greatest common divisor of 9 and 444?
3
What is the highest common divisor of 716 and 4?
4
Calculate the greatest common factor of 36 and 4188.
12
What is the highest common divisor of 1 and 122?
1
Calculate the greatest common factor of 1218 and 1176.
42
What is the greatest common factor of 57 and 1?
1
What is the highest common divisor of 27 and 261?
9
What is the greatest common divisor of 285 and 6517?
19
Calculate the greatest common factor of 1071 and 1836.
153
What is the highest common factor of 55 and 45?
5
What is the highest common divisor of 4526 and 730?
146
Calculate the highest common factor of 30 and 3210.
30
What is the highest common factor of 7722 and 44?
22
What is the highest common divisor of 232 and 2059?
29
Calculate the highest common factor of 17 and 1.
1
Calculate the highest common factor of 10 and 2630.
10
What is the greatest common factor of 33 and 1056?
33
Calculate the greatest common divisor of 774 and 18.
18
Calculate the highest common divisor of 83 and 5561.
83
Calculate the greatest common factor of 1807 and 13.
13
What is the greatest common factor of 3972 and 12?
12
Calculate the highest common divisor of 9912 and 84.
84
What is the greatest common divisor of 43433 and 514?
257
Calculate the highest common divisor of 1022 and 6.
2
What is the highest common divisor of 6 and 414?
6
Calculate the greatest common divisor of 64 and 9464.
8
What is the highest common factor of 44 and 165?
11
What is the greatest common divisor of 1073 and 148?
37
What is the highest common divisor of 76 and 3838?
38
Calculate the greatest common divisor of 48 and 36.
12
Calculate the greatest common divisor of 810 and 60.
30
What is the highest common factor of 1664 and 64?
64
What is the greatest common factor of 462 and 189?
21
Calculate the highest common divisor of 9 and 639.
9
Calculate the highest common factor of 56 and 154.
14
Calculate the greatest common factor of 51 and 14280.
51
Calculate the highest common factor of 357 and 2023.
119
Calculate the greatest common divisor of 270 and 594.
54
Calculate the greatest common factor of 58 and 232.
58
Calculate the greatest common divisor of 111 and 259.
37
What is the highest common factor of 65 and 63895?
65
What is the highest common divisor of 1612 and 91?
13
Calculate the highest common divisor of 121 and 1628.
11
What is the greatest common divisor of 27 and 54?
27
Calculate the greatest common factor of 8 and 32.
8
What is the highest common factor of 140 and 31220?
140
Calculate the highest common factor of 29 and 3.
1
Calculate the greatest common factor of 297 and 341.
11
Calculate the highest common factor of 31 and 9083.
31
What is the highest common divisor of 1550 and 200?
50
What is the greatest common factor of 2 and 57?
1
What is the highest common factor of 446 and 4?
2
What is the greatest common divisor of 8 and 124?
4
Calculate the highest common factor of 4508 and 920.
92
Calculate the highest common divisor of 68 and 4.
4
Calculate the greatest common factor of 1872 and 136.
8
Calculate the highest common divisor of 9 and 147.
3
Calculate the highest common divisor of 14 and 4809.
7
Calculate the highest common divisor of 6 and 5646.
6
Calculate the greatest common divisor of 561 and 1326.
51
Calculate the highest common factor of 820 and 260.
20
Calculate the highest common factor of 3 and 448.
1
What is the greatest common factor of 32 and 236?
4
Calculate the highest common factor of 18 and 72.
18
Calculate the greatest common factor of 1976 and 4.
4
What is the highest common divisor of 133 and 3591?
133
Calculate the highest common divisor of 14 and 266.
14
Calculate the greatest common divisor of 33 and 17259.
33
Calculate the highest common divisor of 4 and 1108.
4
What is the greatest common divisor of 45 and 1305?
45
Calculate the greatest common factor of 22300 and 4.
4
Calculate the highest common divisor of 2 and 29.
1
What is the highest common factor of 2125 and 68?
17
What is the greatest common factor of 13357 and 19?
19
Calculate the highest common factor of 19 and 361.
19
What is the highest common divisor of 48 and 624?
48
Calculate the highest common factor of 11550 and 44.
22
What is the greatest common divisor of 600 and 1460?
20
Calculate the greatest common factor of 49 and 21.
7
What is the highest common factor of 830 and 10?
10
Calculate the greatest common divisor of 6280 and 180.
20
Calculate the greatest common factor of 36 and 252.
36
What is the highest common factor of 259 and 148?
37
Calculate the greatest common factor of 2889 and 153.
9
Calculate the greatest common divisor of 80 and 256.
16
What is the greatest common factor of 26 and 3874?
26
Calculate the greatest common factor of 10892 and 28.
28
What is the highest common factor of 55 and 4135?
5
What is the highest common divisor of 282 and 6?
6
What is the highest common factor of 1176 and 312?
24
Calculate the greatest common divisor of 38 and 19.
19
What is the highest common divisor of 3 and 40?
1
Calculate the greatest common divisor of 280 and 2480.
40
Calculate the highest common divisor of 16 and 12048.
16
What is the greatest common factor of 23 and 6118?
23
Calculate the greatest common divisor of 13 and 2.
1
Calculate the highest common factor of 32 and 16.
16
Calculate the highest common divisor of 4632 and 24.
24
Calculate the highest common divisor of 935 and 55.
55
What is the highest common factor of 552 and 1794?
138
What is the greatest common divisor of 3999 and 645?
129
What is the greatest common divisor of 45 and 18?
9
Calculate the greatest common divisor of 25 and 20350.
25
What is the greatest common factor of 427 and 732?
61
Calculate the highest common factor of 207 and 27.
9
What is the greatest common divisor of 556 and 4?
4
Calculate the greatest common factor of 58 and 638.
58
What is the highest common factor of 30824 and 8?
8
Calculate the greatest common divisor of 51903 and 237.
237
Calculate the highest common factor of 29 and 7250.
29
What is the highest common factor of 28 and 105?
7
What is the greatest common factor of 400 and 75?
25
Calculate the highest common factor of 96 and 1856.
32
Calculate the greatest common divisor of 696 and 28072.
232
Calculate the greatest common factor of 216 and 27.
27
Calculate the highest common factor of 82 and 902.
82
What is the highest common divisor of 492 and 300?
12
What is the greatest common divisor of 8793 and 18?
9
What is the greatest common factor of 68 and 238?
34
What is the greatest common factor of 1406 and 74?
74
Calculate the highest common factor of 114 and 786.
6
Calculate the highest common divisor of 602 and 344.
86
Calculate the greatest common divisor of 4465 and 25.
5
What is the highest common divisor of 2800 and 16?
16
Calculate the highest common factor of 76 and 8.
4
What is the highest common factor of 22 and 143?
11
What is the greatest common factor of 348 and 12?
12
Calculate the greatest common factor of 19 and 76.
19
Calculate the highest common factor of 4 and 86.
2
What is the highest common divisor of 133 and 38969?
133
Calculate the highest common factor of 155 and 62.
31
Calculate the greatest common factor of 66 and 154.
22
What is the highest common divisor of 27 and 531?
9
What is the greatest common factor of 132 and 2607?
33
What is t